{"id":317,"date":"2022-06-01T10:24:17","date_gmt":"2022-06-01T10:24:17","guid":{"rendered":"http:\/\/bekagas.com\/jotaespaciocreativo\/?post_type=product&#038;p=317"},"modified":"2022-09-07T08:05:25","modified_gmt":"2022-09-07T08:05:25","slug":"cumpleanos","status":"publish","type":"product","link":"https:\/\/bekagas.com\/jotaespaciocreativo\/producto\/cumpleanos\/","title":{"rendered":"CUMPLEA\u00d1OS ORIGINAL"},"content":{"rendered":"<p>\u00bfBuscando un lugar para celebrar tu cumplea\u00f1os de forma original? Si quieres hacer algo diferente para tu cumple o para el cumple de tu hija o de tu hijo haciendo una actividad diferente, que sea divertida, deja que nosotros nos encarguemos.<\/p>\n<p>Elige varias opciones de men\u00fa, tarta y juega a crear. Ll\u00e1manos y te informamos.<\/p>\n","protected":false},"excerpt":{"rendered":"<p>Celebra tu cumplea\u00f1os de una manera diferente. Disfruta de un cumple \u00fanico. Elige varias opciones de men\u00fa, tarta y juega a crear. Ll\u00e1manos y te informamos.<\/p>\n","protected":false},"featured_media":195,"comment_status":"open","ping_status":"closed","template":"","meta":[],"product_brand":[],"product_cat":[17],"product_tag":[],"class_list":{"0":"post-317","1":"product","2":"type-product","3":"status-publish","4":"has-post-thumbnail","6":"product_cat-sin-categorizar","8":"first","9":"instock","10":"virtual","11":"product-type-simple"},"_links":{"self":[{"href":"https:\/\/bekagas.com\/jotaespaciocreativo\/wp-json\/wp\/v2\/product\/317","targetHints":{"allow":["GET"]}}],"collection":[{"href":"https:\/\/bekagas.com\/jotaespaciocreativo\/wp-json\/wp\/v2\/product"}],"about":[{"href":"https:\/\/bekagas.com\/jotaespaciocreativo\/wp-json\/wp\/v2\/types\/product"}],"replies":[{"embeddable":true,"href":"https:\/\/bekagas.com\/jotaespaciocreativo\/wp-json\/wp\/v2\/comments?post=317"}],"wp:featuredmedia":[{"embeddable":true,"href":"https:\/\/bekagas.com\/jotaespaciocreativo\/wp-json\/wp\/v2\/media\/195"}],"wp:attachment":[{"href":"https:\/\/bekagas.com\/jotaespaciocreativo\/wp-json\/wp\/v2\/media?parent=317"}],"wp:term":[{"taxonomy":"product_brand","embeddable":true,"href":"https:\/\/bekagas.com\/jotaespaciocreativo\/wp-json\/wp\/v2\/product_brand?post=317"},{"taxonomy":"product_cat","embeddable":true,"href":"https:\/\/bekagas.com\/jotaespaciocreativo\/wp-json\/wp\/v2\/product_cat?post=317"},{"taxonomy":"product_tag","embeddable":true,"href":"https:\/\/bekagas.com\/jotaespaciocreativo\/wp-json\/wp\/v2\/product_tag?post=317"}],"curies":[{"name":"wp","href":"https:\/\/api.w.org\/{rel}","templated":true}]}}